
3
Suppose 2*n - 7*n = -170. Let j = -195 - -204. Calculate the remainder when n is divided by j.
7
Let t be (0 - 3)*5/(-3). Suppose -t*k + 188 + 407 = 0. Let a = 182 - k. What is the remainder when a is divided by 22?
19
Suppose -5*v = 28 - 743. Calculate the remainder when v is divided by 55.
33
Let s(m) = 7*m**2 + m. Let a be s(-3). Suppose -3*h - h = -a. Suppose r = -5*w + h, 3*r + w = -w + 19. Calculate the remainder when 18 is divided by r.
3
What is the remainder when 194 is divided by -4 + (1 - 7 - -60)?
44
Suppose -2*m + 4 = 5*o - 2, 0 = -3*o - m + 4. Suppose -6 - 19 = -5*i. Calculate the remainder when i is divided by o - 0 - (-3 - -1).
1
Let j = -17 - -40. Suppose 2*v = 5*z + 89, 3*v + 4*z - 2 - 120 = 0. What is the remainder when v is divided by j?
19
Let n be 728/(-42)*(-9)/2. Suppose -7*o + o = -n. What is the remainder when 24 is divided by o?
11
Suppose 0 = -4*b + 5*u + 71, 2*b - u - 36 = u. Let d(l) = -l**3 - 13*l**2 + 15. What is the remainder when b is divided by d(-13)?
4
Suppose 4*w - 5*l = 0, -40 = 4*w - 4*l + 9*l. Suppose -3*j + 3 = -3. What is the remainder when 23 is divided by (-2)/j - (w + -4)?
7
Let y(q) = 0*q**3 - 2*q**2 + q + 5*q**2 + q**3 - 2*q. Let t be y(-4). Calculate the remainder when 5 is divided by 1/(0 - 3/t).
1
What is the remainder when 3239 is divided by 12/((204/(-108))/(-17))?
107
Let l = 13 - 20. Let j = l - -59. Let g = -30 + j. Calculate the remainder when g is divided by 8.
6
Suppose 18 = 12*w - 13*w. Let j = w - -44. What is the remainder when 100 is divided by j?
22
Suppose -18*l + 1246 = -4*l. Calculate the remainder when l is divided by 17.
4
Suppose 24*q - 9518 - 7714 = 0. What is the remainder when q is divided by 90?
88
Suppose 0 = 4*j - 2 - 22. Let t be ((-6)/(-4))/(j/8). Suppose t*f + 6 = 16. What is the remainder when 8 is divided by f?
3
Let j(h) = -16*h + 8*h - 14 + 4*h**2 + 7. Calculate the remainder when 9 is divided by j(3).
4
Calculate the remainder when 153 is divided by (-4)/(-10)*(-5)/2*-32.
25
Calculate the remainder when 249 is divided by (-120)/(-36)*(2 - 47/(-2)).
79
Let u(o) = -263*o**2 + 556*o**2 - 5 - 262*o**2. Calculate the remainder when u(-2) is divided by 24.
23
Let g be (-6 + 7)*(1/1 + -2). Calculate the remainder when (-62)/(-93) - ((-98)/(-6))/g is divided by 6.
5
Suppose 0 = 5*a - 4*g - 80, -15*a + 125 = -10*a + 5*g. Calculate the remainder when 85 is divided by a.
5
Let m(b) = -b - 2. Let u be m(-6). Suppose u*g = 96 - 32. Let c = 248 - 217. Calculate the remainder when c is divided by g.
15
Suppose j - 4 = 0, 0 = 4*s - 8*s + j + 4. Let b(h) = -1 + 4*h**s + 2 + 1 - 2*h - 4 + 2*h**3. What is the remainder when b(3) is divided by 28?
26
Suppose 4*m + 0*r + 3*r = -8, 0 = 4*m - 3*r + 32. Calculate the remainder when ((-232)/(-10))/(-4 - 22/m) is divided by 12.
10
Let y = 23 + -15. Let b(o) be the first derivative of -o**4/4 + 4*o**3 + 15*o**2/2 - 13*o + 5. Calculate the remainder when b(13) is divided by y.
5
Let c = 52 + 92. Calculate the remainder when c is divided by 7.
4
Let l(q) = -q**2 - 9*q - 12. Let c be l(-5). Let k(t) = 2*t**2 - 15*t - 3. Calculate the remainder when 14 is divided by k(c).
4
Let s be (-14)/(-4)*28/49. Suppose 11 = s*w - g - 22, -5*w + 4*g = -90. Calculate the remainder when 51 is divided by w.
9
Let t = 649 + -573. Calculate the remainder when 530 is divided by t.
74
Suppose 4*q = -4*t + 828, 4*q - 435 = -2*t - 25. Calculate the remainder when t is divided by (-865)/(-25) + (-2)/(-5).
34
Suppose -5*v + 135 = 5*x, -5*x + 169 = 2*v + 34. Calculate the remainder when 74 is divided by x.
20
Suppose -y = -4*r - 28, 9 = -y + 4*y + 3*r. Calculate the remainder when 609/435*1*15 is divided by y.
5
Suppose -3*n + 7*n - 44 = 3*c, -22 = -2*n - 3*c. Calculate the remainder when 17 is divided by n/2 - (-9)/(-18).
2
Calculate the remainder when 62 is divided by 3*3 + (-120)/24.
2
Suppose 5*z - 47 = y + 3*y, z - 13 = -y. Suppose -4*s + 7*s + t = 598, -t = -4. Let x = s - 194. Calculate the remainder when z is divided by x.
3
Suppose 4*f - 1 = 4*a + 3, 2*a = -f + 4. Suppose -2*x - 3*v + 2*v - 2 = 0, -5*x - 2*v - 3 = 0. What is the remainder when a is divided by x?
0
Suppose 4*v - 8 - 12 = 0. Let f be (50 - (-10)/v)/(-1). Let a = f - -125. What is the remainder when a is divided by 19?
16
Calculate the remainder when 48 is divided by (-405)/(-12) + (-50)/(-40).
13
Let m(x) = -2*x**2 - 50*x - 251. What is the remainder when 177 is divided by m(-16)?
29
Suppose -63 = -2*v + 17. Suppose -7*m + v = -3*m. Let k(c) = c - 3. What is the remainder when 19 is divided by k(m)?
5
Calculate the remainder when 408/16*(-140)/(-21) is divided by 63.
44
Suppose 0 = -11*q + 12*q + 2. Suppose 0*y = -3*y + 105. What is the remainder when y is divided by (-10)/q + (-11 - -18)?
11
Let z(b) = -6*b - 11. Let g be z(-3). Suppose -v = g*v - 416. What is the remainder when v is divided by 19?
14
Let q(u) = 12*u**2 - u + 1. Let a be q(1). What is the remainder when 35 is divided by (a/8)/((-1)/(-6))?
8
Let x(z) = 140*z - 7. Calculate the remainder when x(1) is divided by 37.
22
Suppose -6*c - 6 = 210. Let z = c - -77. Calculate the remainder when z is divided by 14.
13
Suppose -2460 - 5548 = -104*i. What is the remainder when i is divided by 22?
11
Suppose 3*t + 57 = -30*c + 31*c, -3*c = -3*t - 153. Let l(j) = -9*j + 2. What is the remainder when c is divided by l(-2)?
8
Let t be (18/(-27))/(2/27). Calculate the remainder when (-2 + t/(-2))*8 is divided by 6.
2
Suppose 37*h + 202 = 42*h + l, h - 2*l - 36 = 0. What is the remainder when 318 is divided by h?
38
Suppose -3*h + 6 = -6. Suppose 3*d + q - 58 = 199, -3*d + h*q + 277 = 0. What is the remainder when d is divided by 45?
42
Let a be 12/10*10/(-3). What is the remainder when (-1 - a)*(5 - 4/1) is divided by 3?
0
Let p(x) = -x**3 - 2*x + 31. Let u be p(0). Suppose 2*h + u = -9. Calculate the remainder when 39 is divided by (h + -1)*3/(-3).
18
Suppose 7*w = 26 + 9. Let f(k) = -3*k + 5*k - 2*k - w + 2*k. What is the remainder when 11 is divided by f(6)?
4
What is the remainder when (32/(-5))/(-8 - (-156)/20) is divided by 11?
10
Suppose -2*l + 12 + 10 = 0. Let a(v) = -v**3 - 11*v**2 + 81*v + 22. What is the remainder when l is divided by a(-16)?
5
What is the remainder when 4 - (-1 - (-3 - -83)) is divided by (5 + 26/(-4))/(3/(-46))?
16
Let r be (2/(-4))/(1/(-8)). Let z(n) = -n**3 + 5*n**2 + n - 7. Calculate the remainder when 128 is divided by z(r).
11
Suppose -8*b = 3*s - 5*b - 387, -2*s + 2*b + 246 = 0. Let t = 137 - s. What is the remainder when 38 is divided by t?
5
Suppose -2*y + 276 = 3*x, 0 = 3*y + x - 6*x - 433. Let h = y - 116. Let t(u) = 14*u**3 - 2*u**2 + 1. What is the remainder when h is divided by t(1)?
12
Suppose -11*n + 17*n = 138. What is the remainder when 61 is divided by n?
15
Suppose -2*q = -3*q - 4. Let y(b) = -6*b**2 - b**2 + 3 - 4*b + 6*b**2. What is the remainder when 11 is divided by y(q)?
2
Let w(u) = -57*u + 19. Calculate the remainder when w(-4) is divided by 83.
81
Let i(q) = q**3 - 13*q**2 + 4*q + 2. What is the remainder when i(13) is divided by 34?
20
Calculate the remainder when (-32)/12*(-186)/4 is divided by 64.
60
Let s(t) = -3*t - 42. What is the remainder when (-8)/((6/3)/(-4)) is divided by s(-16)?
4
Let h be 4/7 - 36/(-84). Let i be (30/4)/(h/(-4)). Calculate the remainder when (63/15)/((-3)/i) is divided by 15.
12
Suppose -18*f + 26*f = 1400. What is the remainder when f is divided by 44?
43
Suppose 5*b = -4*w + 209, 108 = w - 2*b + 33. What is the remainder when w is divided by 2/(-1) - -18 - -1?
10
Let v be 1 - (-6 + (2 - -1)). Suppose 3*z - l = 6*z - 48, v*z - 63 = -l. What is the remainder when (3 - -1)/((-4)/(-28)) is divided by z?
13
Let j = 5 - 0. Suppose -27 = -j*d + 28. Let q(h) = 23*h - 2. Calculate the remainder when q(1) is divided by d.
10
Let q = 20 - 18. Suppose -50 = -4*x + q*x. What is the remainder when x is divided by 7?
4
Let c(g) = g**2 - 5*g - 2. Suppose 4*r = s - 13, -4*s + 2*r + 52 = -0. Calculate the remainder when s is divided by c(6).
1
Let o = -1012 - -1428. Calculate the remainder when o is divided by 105.
101
Suppose 4*q - 3*a - 426 - 407 = 0, a - 419 = -2*q. Calculate the remainder when q is divided by 35.
34
What is the remainder when 81 is divided by 